
False
Is 223748512063 prime?
False
Is 35711701419 composite?
True
Is 6225183021 composite?
True
Is 75950507 composite?
True
Is 3694501463 a composite number?
False
Is 49022317 prime?
True
Is 432302887 a prime number?
True
Is 471660389 prime?
False
Is 9550869373 a composite number?
False
Is 2345916939 composite?
True
Is 58461229 a prime number?
True
Is 5136586061 composite?
True
Is 8502488755 composite?
True
Is 4053606299 composite?
True
Is 48502269785 composite?
True
Is 59233880119 prime?
False
Is 672254963 prime?
True
Is 25725010771 a prime number?
False
Is 30449879 a composite number?
True
Is 48001949 composite?
True
Is 3156026161 composite?
True
Is 347120957 a prime number?
False
Is 47899778671 prime?
False
Is 1003659641 composite?
True
Is 10621513261 a composite number?
False
Is 26836397311 a composite number?
False
Is 2691939013 a composite number?
False
Is 35759073577 a prime number?
True
Is 10310198489 a composite number?
False
Is 514478833 a composite number?
True
Is 104946847163 prime?
True
Is 2497899653 prime?
False
Is 3736692515 a composite number?
True
Is 106281523487 prime?
True
Is 11197003229 composite?
False
Is 8161846949 composite?
True
Is 40877471419 a composite number?
False
Is 30226323727 a composite number?
False
Is 5771106457 a composite number?
True
Is 12223706711 prime?
False
Is 3822393047 a composite number?
True
Is 33575315581 a prime number?
False
Is 4146275723 composite?
False
Is 2183614799 a composite number?
False
Is 528126647 a prime number?
True
Is 276330526 prime?
False
Is 977985331 a prime number?
False
Is 35237682499 prime?
True
Is 6856789523 a prime number?
False
Is 24300252883 a composite number?
False
Is 1722404837 a composite number?
False
Is 262932079 composite?
False
Is 50214749903 composite?
False
Is 2076840107 a composite number?
False
Is 1240102879 composite?
False
Is 188345408093 prime?
True
Is 4186149857 prime?
True
Is 6876640499 a composite number?
True
Is 315258809 composite?
True
Is 485978281 prime?
True
Is 11754834059 composite?
True
Is 1399597651 a prime number?
True
Is 431696477 a composite number?
True
Is 23906381773 composite?
False
Is 5179086749 a composite number?
True
Is 428543513 a prime number?
True
Is 5784557053 a composite number?
True
Is 1334856727 composite?
True
Is 7349007779 a composite number?
False
Is 6256840573 prime?
False
Is 120808763 composite?
True
Is 75341618047 composite?
True
Is 814100629 prime?
True
Is 422204473 a composite number?
False
Is 11842608859 a prime number?
True
Is 813675349 prime?
True
Is 28544051801 prime?
True
Is 30751474357 composite?
True
Is 9636619331 a prime number?
False
Is 2204632061 a composite number?
False
Is 583227767 a prime number?
False
Is 889339697 a prime number?
True
Is 280827193 composite?
True
Is 452913709 a composite number?
False
Is 24794377 a prime number?
False
Is 38370813511 a prime number?
True
Is 192612583 a prime number?
True
Is 90964897 a composite number?
True
Is 279631069 a composite number?
False
Is 460731347 composite?
True
Is 68417635681 a prime number?
False
Is 2876392153 a composite number?
False
Is 1653099307 prime?
True
Is 940451377 composite?
True
Is 13131254067 composite?
True
Is 11754466517 a composite number?
False
Is 337951777 prime?
False
Is 3364454983 composite?
False
Is 43190281 a prime number?
False
Is 70578560677 a composite number?
False
Is 76523833459 prime?
True
Is 5090046539 a prime number?
True
Is 1812600821 a composite number?
False
Is 2248091933 a composite number?
True
Is 50316468701 a composite number?
False
Is 587480011 prime?
False
Is 1584235 composite?
True
Is 274566883 composite?
True
Is 355229877 a prime number?
False
Is 429539557 a composite number?
True
Is 571098223 a prime number?
True
Is 12071573359 a prime number?
False
Is 470506103 prime?
False
Is 98050422077 composite?
False
Is 51087146051 composite?
True
Is 150597361 a composite number?
True
Is 619534343 a prime number?
True
Is 291243973 a prime number?
True
Is 6070957391 prime?
False
Is 48353441159 prime?
True
Is 9559783 composite?
False
Is 238393637 composite?
True
Is 3554235547 composite?
False
Is 10749897143 a composite number?
False
Is 175653557 a prime number?
True
Is 18494624201 a composite number?
False
Is 42481913 a prime number?
False
Is 6362734577 prime?
True
Is 51831523351 composite?
False
Is 144905827 composite?
True
Is 986127869 a composite number?
False
Is 12577144157 a composite number?
True
Is 8619360881 prime?
True
Is 881267171 composite?
False
Is 11088370859 a prime number?
False
Is 20296370719 a prime number?
True
Is 6931479871 prime?
True
Is 10112183 prime?
False
Is 14181307121 a prime number?
False
Is 26229198979 a composite number?
True
Is 51373591949 composite?
True
Is 3808512923 prime?
True
Is 2494618711 prime?
False
Is 10034033227 prime?
True
Is 42895359473 composite?
False
Is 3103224541 a prime number?
True
Is 2533902013 a prime number?
False
Is 47834387813 composite?
False
Is 19822801 prime?
True
Is 2789956549 a composite number?
False
Is 5808646813 a composite number?
True
Is 20302948489 composite?
True
Is 137414890469 a composite number?
True
Is 7172479861 a composite number?
True
Is 1372089049 composite?
True
Is 3471573715 prime?
False
Is 365741257 composite?
True
Is 209773533 a prime number?
False
Is 340322009 composite?
False
Is 1878124811 a prime number?
True
Is 39882786809 prime?
False
Is 467168141 a composite number?
True
Is 16559070427 composite?
True
Is 2209931461 a composite number?
False
Is 22841464157 a composite number?
True
Is 56653315577 a composite number?
False
Is 17976327073 composite?
False
Is 118866962831 composite?
False
Is 26448754817 a composite number?
False
Is 126948959 a composite number?
False
Is 1764593891 prime?
True
Is 9180087661 a prime number?
True
Is 2415209435 prime?
False
Is 2178441949 composite?
False
Is 162449694389 composite?
False
Is 655211523145 a composite number?
True
Is 9075637579 prime?
True
Is 505552469 a prime number?
True
Is 36826973759 a composite number?
False
Is 9427254923 composite?
False
Is 2431283279 composite?
False
Is 175733189 composite?
False
Is 2031204719 prime?
False
Is 446442349 a prime number?
False
Is 606945103 a composite number?
False
Is 3098624117 a composite number?
True
Is 3611351195 prime?
False
Is 73901287 composite?
True
Is 34219183387 prime?
False
Is 8550887561 composite?
False
Is 90353121373 prime?
True
Is 72040513 composite?
True
Is 38366056207 a composite number?
False
Is 12265423007 a composite number?
True
Is 2977748513 a composite number?
True
Is 6433619 a prime number?
True
Is 119218537 composite?
True
Is 7852336313 a prime number?
True
Is 30668450911 prime?
False
Is 89112661589 composite?
True
Is 14496879887 prime?
False
Is 705909327 composite?
True
Is 258535583 a prime number?
True
Is 225362881 a prime number?
False
Is 3917985931 a composite number?
True
Is 744415219 a composite number?
False
Is 84186200099 a prime number?
True
Is 3699750269 composite?
True
Is 26751337579 prime?
False
Is 17167356289 a composite number?
True
Is 203842819 a composite number?
False
Is 535939301 a composite number?
False
Is 6046005718 a prime number?
False
Is 7289758981 composite?
True
Is 183437113 a composite number?
True
Is 1396069823 composite?
False
Is 61541615873 composite?
True
Is 11282591 composite?
False
Is 13827547187 a prime number?
True
Is 140927814383 composite?
False
Is 9926024089 a prime number?
True
Is 77431904507 prime?
True
Is 21509325613 prime?
True
Is 229454311 a prime number?
True
Is 3152893591 a composite number?
False
Is 34071654557 a prime number?
False
Is 43478901767 composite?
True
Is 7257039689 a prime number?
False
Is 115576665469 prime?
True
Is 6038574193 a composite number?
True
Is 5998221461 prime?
True
Is 4642396303 a prime number?
True
Is 7699680163 prime?
False
Is 180786198107 a prime number?
True
Is 261954971 prime?
False
Is 1306330429 prime?
False
Is 55815629 composite?
False
Is 216497581 a composite number?
False
Is 77938281059 composite?
False
Is 336808623 a composite number?
True
Is 1884892237 a prime number?
True
Is 18145225214 a composite number?
True
Is 158557133 composite?
True
Is 564118526 prime?
False
Is 1087341807 composite?
True
Is 4907650133 prime?
True
Is 2362803874 composite?
True
Is 103515751 a com